 4455 = -0*n. What are the prime factors of n?
3, 5
Suppose 0 = -2*r + 5*i - 2, 1 = -2*r + 2*i - 1. Let p be r/(-1 - 4/(-5)). Suppose 2*k + 21 = p*k. List the prime factors of k.
7
Suppose 3*y - 169 = 5*n - 56, -4*y + 139 = 5*n. List the prime factors of y.
2, 3
Suppose 5 = -0*z + z. Suppose 5*v + 2*k = 12, 4*v - 3*k - z = -0*k. Suppose -v*b + 5 = -5. List the prime factors of b.
5
Let r(a) = 4*a - 1. Let s be r(-1). Let x(o) = -o**3 - 4*o**2 + 2*o + 1. List the prime factors of x(s).
2
Suppose 0*t - 4*t - 24 = 0. Let f = t + 5. What are the prime factors of ((-1)/(-1))/f + 7?
2, 3
Let b(s) = -13*s + 1. Let w be b(-1). Suppose -m + w + 26 = 0. What are the prime factors of m?
2, 5
Suppose 0 = -5*r - 2*f + 14, -8 = -r - f - 2*f. Let p = 11 + -3. Suppose 4*z = -2*g + 10, -r = -2*z - p. What are the prime factors of g?
11
Let n be 282/9 - (-2)/(-6). Let p = n + -11. Let r = p - 13. What are the prime factors of r?
7
Let u be (-2)/(-2 - 168/(-81)). List the prime factors of ((-56)/(-6))/((-6)/u).
2, 3, 7
Suppose 15 = -5*p - 20. Let s(i) = -5*i**2 - 3*i. Let h be s(-2). Let v = p - h. What are the prime factors of v?
7
Suppose b = -2 + 4. What are the prime factors of (0 + -2)*(-5)/b?
5
Let j = 10 + 31. What are the prime factors of j?
41
Suppose -6*k + 366 = -0*k. List the prime factors of k.
61
Suppose 4*v = 2*m - 7*m + 99, 0 = m - v - 18. Let g = -11 + m. What are the prime factors of g?
2
Suppose -5*j = -4*z + 128, 5*j + 64 = z + z. Suppose 3*x - 89 = -z. What are the prime factors of x?
19
Suppose 64 - 28 = 3*n. Suppose i - n = -i. What are the prime factors of i?
2, 3
Suppose 0 = 5*t - 149 - 71. Suppose 0 = 3*d - t - 10. List the prime factors of d.
2, 3
Let u(y) = -y**2 + 10*y - 8. Let o be u(12). Let p = -15 - o. List the prime factors of p.
17
Let y = -556 + 842. What are the prime factors of y?
2, 11, 13
Let x = -3 - -6. Suppose -2*f = -3*z + 15, 6*f = x*z + f - 24. What are the prime factors of z?
3
Let r(n) = -6*n**2 - 4*n - 12. Let t(c) = 5*c**2 + 4*c + 11. Let g(m) = 4*r(m) + 5*t(m). List the prime factors of g(-5).
2, 3
Let m(i) = -6*i - 2. Let p(t) = t**3 + 8*t**2 - 8*t + 6. Let l be p(-9). List the prime factors of m(l).
2
Suppose 2*d - 61 = -3*g, -3 = g - 2*d - 34. What are the prime factors of g?
23
List the prime factors of 26/(-32)*-4*44.
11, 13
Suppose -g - 10 = -2*l, 4*g - 2*l + 15 = l. Suppose -3*i + 258 = 2*i + 3*j, -2*i + 3*j + 120 = g. What are the prime factors of i/7 - 12/(-42)?
2
Let o(d) be the third derivative of d**6/120 - d**5/20 - d**4/6 + 2*d**3/3 + 2*d**2. Let c be o(4). Let u = c + 9. What are the prime factors of u?
13
Let y be (-6)/27 + 4/18. Suppose y = 5*l - 0 - 10. Suppose -5*w + 2*m = -l, -3*w = w - m - 4. List the prime factors of w.
2
Let w(k) = -k + 19. List the prime factors of w(0).
19
Let u(h) = -3*h + 1. Let b be u(-1). Let v be (-2)/4*b*-4. Suppose l + 4*o = 19, -4*l - 2*o - v = -7*o. What are the prime factors of l?
3
Let b be 428/18 - (-8)/36. Suppose u - b = -2*u. Let c = 1 + u. List the prime factors of c.
3
Let j(h) = h + 6. Let o be j(-10). Let i(p) = p**3 + 4*p**2 - 4*p - 3. What are the prime factors of i(o)?
13
Suppose -3*o = q + 17, -q - 25 = -0*q + 5*o. Let w be (-216)/10 + (-3)/q. List the prime factors of (-1)/((-9)/w)*-3.
7
Let u(g) = g**2 + 2*g + 34. Let b(v) = -v - 1. Let w(a) = b(a) + u(a). List the prime factors of w(0).
3, 11
What are the prime factors of (-68)/((-5)/(20/8))?
2, 17
Let o be 1/4 - (-210)/24. Let i = -15 + o. List the prime factors of (-52)/(-6) + i/9.
2
Suppose 0 = -5*l - 10 + 110. Let q = -4 + l. What are the prime factors of q?
2
Let h(w) = -w**3 - 8*w - w + w + 15 - 1 + 11*w**2. What are the prime factors of h(10)?
2, 17
Let k(a) = a**2 + 3*a - 4. Let o be k(3). Let h = 29 + -6. Let z = h - o. What are the prime factors of z?
3
What are the prime factors of (-1 - 3)*(-6)/4?
2, 3
Suppose f - 2*f = -2, b - 28 = -2*f. Let n = -9 - 1. Let l = n + b. What are the prime factors of l?
2, 7
Let n(a) = 3*a**2 - a - 4. List the prime factors of n(2).
2, 3
Suppose 5*q - 113 = -3*o, -o = 2*q + 2*o - 47. What are the prime factors of q?
2, 11
Let c(j) = -j**2 + 12*j. Let q be 200/(-30)*3/(-2). List the prime factors of c(q).
2, 5
Suppose 15 - 3 = 3*c. Suppose 0 = 7*h - c*h - 51. What are the prime factors of h?
17
Let k be (-2)/7 - 99/21. Let n be (k - -7)/(1/(-5)). Let f = 15 + n. List the prime factors of f.
5
Suppose -6*l - 9 + 861 = 0. List the prime factors of l.
2, 71
Let t = 7 + -5. Let v = t + 1. List the prime factors of v*5 - (4 - 3).
2, 7
Let u(x) be the second derivative of -x**5/20 + 2*x**4/3 - x**3 + 3*x**2/2 + x. Let j be u(7). Let y = -2 + j. What are the prime factors of y?
2
Let u = 31 - 18. List the prime factors of u.
13
Suppose -3*w + 10 = -z, 4*z + z = 2*w - 11. Suppose 0 = -2*h - w*h + 25. List the prime factors of ((-8)/(-10))/(2/h).
2
Suppose -27 = -k + 23. List the prime factors of k.
2, 5
Let a(z) = z + 2. Let t be a(6). What are the prime factors of 4*t*2/4?
2
Let i = -32 - -54. Let y = -4 - -6. Suppose 4*h = s + 31, -y*s = 3*h - 3*s - i. What are the prime factors of h?
3
Let v(t) = -2*t**3 - t**2 + t + 4. List the prime factors of v(-2).
2, 7
Suppose 4*t + d + 13 = 2*d, -2*d = 5*t. Let a = 4 + t. Suppose a*i = -2*z + 22, 3*i + 12 + 18 = 4*z. What are the prime factors of z?
3
Let d = 100 + 7. Let q = d - 63. List the prime factors of q.
2, 11
Let o = 0 - -6. Suppose -3*t + o = -3*z, 0 = 6*z - 2*z + 8. Suppose t = -3*p + p + 36. List the prime factors of p.
2, 3
Suppose 3*b - 217 = -2*s - 2*s, s = -b + 54. What are the prime factors of s?
5, 11
Suppose -42 = o + 86. List the prime factors of o/(-6) + 2/(-6).
3, 7
Suppose 0 = -3*i + 3*p - 27, 21 = -2*i - 2*i + p. What are the prime factors of ((-8)/(-3))/(i/(-12))?
2
Let i = -18 - -242. List the prime factors of i.
2, 7
Let d be (-6)/(-8) - 3/(-12). Suppose 4*q = d + 15. List the prime factors of q.
2
Let r(z) = -z**2 - 5*z - 2. Let h be r(-4). Suppose 3*d = -7*j + h*j + 23, 16 = 4*j. List the prime factors of -27*((-1)/3)/d.
3
Let g = -37 + 41. Let v be (-1)/2 + (-13)/(-2). Suppose -v = -g*x + x. What are the prime factors of x?
2
What are the prime factors of 3*-159*(-5)/45?
53
What are the prime factors of (18/(-10))/(9/(-135))?
3
Let a = -6 + 9. Suppose 27 + 18 = a*s. List the prime factors of s.
3, 5
What are the prime factors of (-15)/(-10) - (-2)/4?
2
Let q(o) = -o**2 - 11*o - 9. Suppose 3*b - 6 - 3 = 0. Suppose -2*x - 4*h = 2, x + b*h = -4*x - 33. What are the prime factors of q(x)?
3
Let t(y) = 2*y + 4*y - 5*y. List the prime factors of t(4).
2
Let n = 14 - -54. List the prime factors of n.
2, 17
Let b(d) = -d**3 - 2*d**2 - 3. Let a be b(-3). Let l = a + -2. What are the prime factors of l?
2
Let g be ((-28)/(-10))/(4/10). Suppose g + 4 = x. Suppose -12 = -3*f, -x + 41 = l + 4*f. What are the prime factors of l?
2, 7
Let k = 313 + -193. List the prime factors of k.
2, 3, 5
Let d = 8 + -6. Suppose -d*k - 22 = -2*j - 74, -2*j = 4*k - 110. List the prime factors of k.
3
List the prime factors of (36/(-10))/((-5)/25).
2, 3
Let k = 6 + -14. Let v be 200/k*4/(-5). Suppose -5*a + y + 7 = 0, 4*a + 6*y - v = 2*y. List the prime factors of a.
2
Suppose 12*x - 16*x = -16. Suppose 0 = -x*i + i + 117. List the prime factors of i.
3, 13
Suppose 3*c - 320 = c. List the prime factors of c.
2, 5
Let o be (0 + 0)/(3 - 5). Suppose 5*r + 0*r - 15 = o. Suppose 5*c = f - 17, -5*f + r*c = -0*f - 19. What are the prime factors of f?
2
Suppose 15 = -2*b - 5*f, 5 = -3*b - 2*f - 1. Suppose b = -s + 6 + 5. What are the prime factors of s?
11
Suppose -2*q = -3*q + 103. List the prime factors of q.
103
Suppose 28 = 3*f + 5*t, -f - 3*t = t - 21. Let l(i) = 10*i**3 - i + 1. Let q be l(f). Suppose r - q = -r. What are the prime factors of r?
5
Let w be (-1)/(3/(-5))*6. What are the prime factors of (w/6)/(2/30)?
5
Suppose -4*w = -54 - 50. What are the prime factors of w?
2, 13
Let i = 235 - 127. List the prime factors of i.
2, 3
Suppose -2*b = -2*n - 12, 10 = 3*n - 8*n. Suppose -h = -2*t + b*t + 13, 0 = -4*t + 5*h - 47. List the prime factors of (-82)/t + 2/(-8).
2, 5
Suppose 5*w - i - 86 = 0, w = 4*w + 5*i - 46. What are the prime factors of w?
17
Let m(p) be the third derivative of 29*p**4/24 - p**3/6 - 4*p**2. 